w - 0*o + 85. What is the units digit of w?
5
Let b(g) = -3*g - 2. Let l be b(-4). Let s = -4 + l. Let p(y) = -y**2 + 7*y + 8. What is the tens digit of p(s)?
1
Let i(t) be the second derivative of 4*t**3/3 - t**2/2 - 3*t. Let a be i(-5). Let k = a - -58. What is the units digit of k?
7
Let m = 46 - 105. Let c = m - -85. What is the tens digit of c?
2
Let j(w) = 2*w - 3. Let c be j(4). Suppose -h + c = -7. What is the units digit of h?
2
Let j(k) = -k - 10. Let d(l) = 2*l + 1. Let g be d(-4). Let a be j(g). What is the units digit of 11*a/(-3 - 0)?
1
Let j(s) = 3*s**3 - 4*s**2 + s + 2. Let k be j(3). Let w = k + -20. What is the units digit of w?
0
Suppose -2*a = 5*p - 370, 0*p + a = 5*p - 355. Suppose -128 = -5*l + p. What is the units digit of l?
0
Suppose 4*r - 68 = -0*r. Suppose 5*z = -2*g - r, 3*z + 30 = 2*g + 7. Suppose g*t - 7*t + 33 = 0. What is the units digit of t?
1
Let d = 50 - -9. What is the tens digit of d?
5
Suppose 22 = 5*y - 23. What is the units digit of y?
9
Suppose 0 = -r - r + 12. What is the units digit of r?
6
Let v(y) = y**3 + 7*y**2 - 4*y + 1. What is the tens digit of v(-6)?
6
What is the units digit of (-770)/(-33)*3/2?
5
Let w(m) = m**3 + 8*m**2 + m + 1. Let c(g) = g**3 + 9*g**2 + g + 2. Let n(z) = 3*c(z) - 4*w(z). Let r = 9 + -14. What is the units digit of n(r)?
7
Suppose 5*l - 4*u = 22, l - 2*u = -3*l + 14. Suppose l*p = -z + 28, -2*z = 2 - 6. What is the tens digit of p?
1
Suppose 0 = 2*j - k - 75, 2*k = 3 + 3. What is the units digit of j?
9
What is the units digit of (-519 + (-1)/1)*118/(-295)?
8
Let f(k) = 2*k**3 - 2*k**2 + 2*k + 4. What is the units digit of f(3)?
6
Suppose 0 = -f - 0*f - 3. Let h = f + 10. What is the units digit of h?
7
Let s(o) = o**3 - 2*o**2 + 2*o - 2. Let w(m) = m + 4. Let t be w(-3). Let p = 1 + t. What is the units digit of s(p)?
2
Suppose -u = -2*u - 5*w - 23, u = 5*w + 27. Suppose -5*c - 2*z = 23, -2*c - u*z - 9 + 1 = 0. Let y(s) = -s + 2. What is the units digit of y(c)?
7
Suppose 2*z - 230 = -3*z. What is the units digit of z?
6
Suppose f - 3*f = 5*h - 10, 0 = -5*h + f + 10. Let t(l) = 5*l - 2. Let z be t(6). Suppose 2*n - h*s = z, 4*s + 22 = n - s. What is the units digit of n?
2
Let d(l) = 3*l - 5. Let b be d(-9). Let q be b/(-18) + 4/18. Suppose -3 = -q*i + 5. What is the units digit of i?
4
Let q be 3*(0 + 2/6). Suppose -d + 6 = -q. What is the units digit of d?
7
Let r(h) = h - 8. Let c be r(4). Let q(x) = x**3 + 4*x**2 - 5*x - 6. Let k be q(c). Let n = -7 + k. What is the units digit of n?
7
Suppose 4*j - 17 = 15. What is the units digit of j?
8
Suppose -4*v + 257 = 97. What is the units digit of v?
0
Let i(b) = b**3 + 7*b**2 - 8*b + 3. Let q be i(-8). Let s = 19 - q. What is the tens digit of s?
1
Suppose -478 = -3*c + 2*m, 3*c + 3*m - 267 = 201. What is the tens digit of c?
5
Let m(n) = -n**3 + 4*n**2 - 3*n. Let c be m(3). Let x(f) = -f + 19. What is the tens digit of x(c)?
1
Let w(r) = -9*r**3 - r**2 + 5*r + 5. What is the tens digit of w(-2)?
6
Suppose -5*l = 8 - 43. Suppose -2*s + 17 + 25 = 0. Let r = s - l. What is the units digit of r?
4
Let w = -4 + -2. Let i = w + 14. What is the units digit of i?
8
Let g(z) = 4*z**2 - 11*z + 26. What is the hundreds digit of g(9)?
2
Let q(z) = -7*z**2 + 5 + 0*z + z**3 + 0*z**3 + 6*z + z. Let o be ((-18)/(-4))/((-6)/(-8)). What is the units digit of q(o)?
1
Let l(v) = -58*v**2 - v. Let g be l(1). Let m = -33 - g. What is the units digit of m?
6
Let i = 47 + -23. Let q = -14 + i. What is the units digit of q?
0
Let c(k) = -k**3 + 6*k**2 + k + 1. Let w be 5 - (-1 - (1 - 1)). Let m be c(w). What is the tens digit of 79/m - 2/7?
1
Let r = -111 - -156. Suppose 4*n - r = -1. What is the tens digit of n?
1
Let u be ((-2)/(-4))/((-2)/(-8)). Suppose -36 = -3*g + u*i, i - 17 = -0*g - 2*g. What is the tens digit of g?
1
Suppose -h + 2*c + 0*c + 271 = 0, 3*c = -2*h + 507. What is the tens digit of h?
6
Suppose -n + 916 = 4*v + 3*n, n - 685 = -3*v. What is the units digit of v?
8
Suppose -66 = s - 357. What is the hundreds digit of s?
2
Let h be -2 + (-1 + 0 - -5). Let a(x) be the first derivative of 2*x**3/3 - x**2 + 3*x - 3. What is the units digit of a(h)?
7
What is the tens digit of 20/1 - (0 - 1)?
2
Let y(r) = r**2 + 7*r + 4. Let m be y(-3). Let j(b) = b**2 + 7*b - 4. Let g be j(m). Suppose 0 = 6*h - 5*h - g. What is the units digit of h?
4
Let y(p) = -115*p - 1. What is the units digit of y(-1)?
4
Suppose -n = 3*n - 132. What is the units digit of n?
3
Suppose 0 = -b + 356 - 82. What is the units digit of b?
4
Let z = -8 + 4. What is the tens digit of z/(-20) - (-248)/10?
2
Suppose -11*l - 136 = -19*l. What is the units digit of l?
7
Let u(p) = -p**2 - 10*p - 2. Let g be u(-10). What is the units digit of ((-2)/g)/(1/34)?
4
Suppose 0 = 4*d - 3 - 13. Suppose -d*u + 3 = -7*u. Let p = u + 6. What is the units digit of p?
5
Let r(f) = f**2 + 8*f + 1. Let m be r(-6). Let g be 2/6 - m/3. Suppose c + 4*x - 4 = 10, -g*x - 26 = -3*c. What is the tens digit of c?
1
Let w(h) = -6*h - 10. Let z(k) = 14*k + 9. Let n(p) = -7*p - 4. Let o(s) = 11*n(s) + 6*z(s). Let l(i) = -5*o(i) - 6*w(i). What is the units digit of l(-6)?
4
Suppose 2*r = -3*v + 13, -3 = -2*v - 4*r + 3. What is the units digit of (-64)/(-40) - (-2)/v?
2
Let m(j) = -j - 4*j + 4*j + 4. Let l(w) = w**2 - 13*w + 14. Let b be l(12). What is the units digit of m(b)?
2
What is the units digit of (-1)/((1/(-6))/1)?
6
Suppose 2*t + 2*x = 224, -t + 31 = -4*x - 61. What is the tens digit of t?
0
Let x(u) = 116*u**3 - 2*u**2 + 1. Let i be x(1). Suppose 4*n = -31 + i. What is the units digit of n?
1
Let m(y) = -y**2 - 5*y + 3. Let w be m(-5). Let q(o) be the second derivative of -o**4/12 + 5*o**3/6 - 9*o. What is the units digit of q(w)?
6
Let l be 1 + 7/(28/(-60)). Let z = l - -16. What is the units digit of z?
2
Let l(u) be the second derivative of 11*u**3 - 3*u**2 - 2*u. Let v be l(-5). What is the units digit of v/(-33) + (-4)/22?
0
Suppose 76 = 2*j + 3*s, j = s + 20 + 28. Suppose 0 = -4*o + 23 - 3. Suppose o*y = y + j. What is the units digit of y?
1
Let g(m) = m**2 - 4*m + 3. Let l be g(4). What is the tens digit of -14*(l - (-132)/(-28))?
2
Suppose -d = -0*d + 5*i - 8, 0 = 5*d + 2*i - 132. Let x = d + -17. What is the tens digit of x?
1
Let v be 186/24 - (-2)/8. Let i = v - 4. Suppose -51 = -4*t + i*x + x, -9 = 3*x. What is the units digit of t?
9
Let x be 1/5 + 87/15. Suppose -m + 12 = -x. What is the tens digit of m?
1
Let p(f) = 10*f**3 + 21*f**2 + 17*f + 16. Let o(a) = 3*a**3 + 7*a**2 + 6*a + 5. Let g(b) = -7*o(b) + 2*p(b). What is the units digit of g(-6)?
9
Let x(b) = -1 + b + 0*b + 6. What is the units digit of x(0)?
5
Suppose -2*f - f - 9 = 0. Let c = f + 4. What is the units digit of ((-1)/(-1) - 0)/c?
1
What is the units digit of (58 + -1)/((-3)/(-2))?
8
Let q(j) = -j**3 + 3*j**2 + 4. Let w be q(3). Suppose r = w*r - 6. Suppose 27 = r*u + 2*y + y, -3*y + 72 = 5*u. What is the tens digit of u?
1
Let u = -44 + 102. What is the tens digit of u?
5
Let a(x) = x**3 + 10*x**2 - 12*x. Let n be a(-11). Let w = n - 10. What is the units digit of w?
1
Suppose 3 + 1 = -4*y. What is the tens digit of (4/(4/(-29)))/y?
2
What is the units digit of -1*8/2*-1?
4
Let z = 1 - -26. What is the units digit of z?
7
Suppose 5*w = 4*w + 7. Suppose -5*a + 5*j + 60 = 0, 2*a - w = 5*j + 17. Suppose d - a = -0*d. What is the units digit of d?
2
Let l be -1 + (0 - 2)*4. Let m(v) = v**2 + 8*v - 5. Let k be m(l). Suppose k*i - 2 = 6. What is the units digit of i?
2
Suppose -3*o = -4*t + 19, 2*o + 0 + 6 = -4*t. Suppose -m = t - 3. Let r(y) = y**2 - 2*y + 2. What is the units digit of r(m)?
2
What is the units digit of (-44 + (1 - -2))/(-1)?
1
Suppose 3*v - 12 = 0, 2*k = 5*k + v - 19. Suppose -k*m + 2 = -4*m. What is the units digit of m?
2
Suppose b + 4 = -3*s + 73, 0 = -4*b - 2*s + 256. What is the units digit of 4/6*b/6?
7
Suppose 0*g - g + 385 = 3*k, k + 2*g = 125. What is the units digit of k?
9
Let h(u) = 3*u**2 - 1. Let l be h(2). Let r(n) = -n**2 + 11*n + 9. What is the units digit of r(l)?
9
Let o be (-1)/2 + 71/2. Let w = -25 + o. Suppose 2*a - 4*c + 2 = 0, 5*c - w = -2*a - 3*a. What is the units digit of a?
1
Let x(o) = o**2 - 5*o - 4. Let g be x(-3). Suppose -5*y + 0 - g = 0. Let p = y + 6. What i